what is 2 + 6623327?
6623331
In base 16, what is -3 - af52c?
-af52f
In base 7, what is 4 - -41246243?
41246250
In base 11, what is -1a - -3694398?
3694379
In base 13, what is 2 - -a15881c?
a158821
In base 15, what is 9a3bb - -20?
9a3db
In base 7, what is 1400066601 - -3?
1400066604
In base 8, what is 655 - 1321302?
-1320425
In base 7, what is -220630 + 603?
-220024
In base 16, what is 10bd68b - -6?
10bd691
In base 7, what is 11260514356 + -1?
11260514355
In base 10, what is -591 - 13974?
-14565
In base 4, what is -110021023 - -21221?
-103333202
In base 12, what is -1712 - 269b?
-41b1
In base 13, what is 40 - -91295?
91305
In base 2, what is 1010110011111101010000 + -1001?
1010110011111101000111
In base 6, what is 421 + -1334434?
-1334013
In base 12, what is -1691a7 - 36?
-169221
In base 4, what is 33000 + -2001230?
-1302230
In base 10, what is -1258 - 11439?
-12697
In base 3, what is -20 - -20111110202002220?
20111110202002200
In base 16, what is -529e43 - f?
-529e52
In base 10, what is 1252261 + -6?
1252255
In base 16, what is -9 + -110e51?
-110e5a
In base 15, what is -8d71 - -26?
-8d4a
In base 15, what is -38 + 1ab5601?
1ab55b8
In base 11, what is 0 + -13973634?
-13973634
In base 6, what is 53533130340 - 3?
53533130333
In base 11, what is -7a9063 - -11?
-7a9052
In base 16, what is -e722ef9 + -7?
-e722f00
In base 13, what is 3c65 - -19c04?
20b69
In base 5, what is -1 + 102030?
102024
In base 13, what is -8 + 483984?
483979
In base 5, what is -131014213 - 13?
-131014231
In base 15, what is -1 - -67dbb38?
67dbb37
In base 2, what is -10001100001111010 - -10011101011110?
-1111000100011100
In base 11, what is -498a + -1289a?
-17779
In base 3, what is 1111012 + -20202220002?
-20201101220
In base 16, what is 4360 + -7a6?
3bba
In base 7, what is 11 + -10022236?
-10022225
In base 16, what is 6f + -23767?
-236f8
In base 11, what is -a436 - 736?
-10071
In base 10, what is 0 + 854493?
854493
In base 4, what is 1222220123120 - 1?
1222220123113
In base 14, what is -9a3d + 38?
-9a05
In base 6, what is 214 + 32442503?
32443121
In base 6, what is 1 - -203535032?
203535033
In base 10, what is -15370737 - -11?
-15370726
In base 4, what is -10121131213213 + -10?
-10121131213223
In base 14, what is -707 - ddd?
-1706
In base 3, what is -11100102222 - -1011012011?
-10012020211
In base 15, what is -1a8 + 49b3?
480a
In base 8, what is -1255 - -70602?
67325
In base 14, what is 1cc2 + 1d5a?
3c3c
In base 10, what is 36957 + 221?
37178
In base 3, what is 11 - 2011120120202022?
-2011120120202011
In base 6, what is -2432 + 131242?
124410
In base 15, what is c7 + -961c7c?
-961ba5
In base 6, what is 332 + -224421405?
-224421033
In base 10, what is 91 - -8505020?
8505111
In base 15, what is 34 + -1eb168?
-1eb134
In base 13, what is b268a8 + -105?
b267a3
In base 6, what is 325010243 + -240?
325010003
In base 15, what is 5 + -139d810?
-139d80a
In base 3, what is 1012022 - 112022221201?
-112021202102
In base 14, what is 124 + -1683d?
-16719
In base 3, what is 1121 - 1012101012010001?
-1012101012001110
In base 14, what is -4a76c05 + -4?
-4a76c09
In base 16, what is -11 - 68966?
-68977
In base 6, what is 5 - -3331524450?
3331524455
In base 6, what is 254122050555 - 1?
254122050554
In base 9, what is 46406 + 223?
46630
In base 8, what is -651 - 204157?
-205030
In base 16, what is -69ab9 + 4?
-69ab5
In base 9, what is -20674668 - 2?
-20674671
In base 9, what is -46 + 344162?
344115
In base 4, what is -130 - 13110332?
-13111122
In base 3, what is 10 + -1020102110011021?
-1020102110011011
In base 13, what is 4500 + bc85?
13485
In base 5, what is 14434342204002 - 1?
14434342204001
In base 16, what is -3 + 3ca322?
3ca31f
In base 3, what is 22102012111001210 - 10?
22102012111001200
In base 10, what is -130856 - -127?
-130729
In base 14, what is -2 + -82a52a7?
-82a52a9
In base 4, what is -13332030 - -311033?
-13020331
In base 11, what is a5 + -419a15?
-419920
In base 11, what is 3 - 24351a95?
-24351a92
In base 4, what is -2003023023120 + 1?
-2003023023113
In base 2, what is -11111000100111100010000 - -1?
-11111000100111100001111
In base 14, what is 55156b - 28?
551543
In base 5, what is -10 + 132111131143?
132111131133
In base 2, what is -110111011101011000001010 + 11?
-110111011101011000000111
In base 8, what is -45646 - 1060?
-46726
In base 12, what is 4 - 3102144?
-3102140
In base 7, what is -32 + 4453250?
4453215
In base 8, what is 247 - -106616?
107065
In base 5, what is -34002414 + -2033?
-34010002
In base 16, what is 393e2b + -5?
393e26
In base 10, what is -25 + 312131?
312106
In base 14, what is -54a766b4 + -4?
-54a766b8
In base 15, what is 40cd - 3eb6?
117
In base 10, what is -9835788 - -2?
-9835786
In base 12, what is -3b1b - 927?
-4846
In base 6, what is 324134114 - 245?
324133425
In base 4, what is -30001 + 302002330?
301312323
In base 11, what is -58a + 724166?
723687
In base 12, what is -2 + bba621?
bba61b
In base 7, what is 5514 + 1122?
6636
In base 3, what is -1012101221 + -12?
-1012102010
In base 7, what is -41151 + 13013?
-25135
In base 14, what is 5 - -82c32d?
82c334
In base 3, what is -2002 + 12110222211?
12110220202
In base 15, what is -253 - -622a?
5ec7
In base 15, what is -3b123 + -a01?
-3bb24
In base 8, what is -273560722 - -1?
-273560721
In base 16, what is 10b2e - 207?
10927
In base 9, what is 1527 + 1077812?
1080440
In base 2, what is 1000 + -1101100011101100100001?
-1101100011101100011001
In base 6, what is 1002554 + -1301?
1001253
In base 7, what is -3205211 + -46?
-3205260
In base 9, what is -5 + 511835507?
511835502
In base 6, what is 2 - 432224443?
-432224441
In base 13, what is -1735464 - -5?
-173545c
In base 6, what is 154 + 30053054?
30053252
In base 3, what is 1 - 22002121200011?
-22002121200010
In base 2, what is -10 - -11001000101111001100?
11001000101111001010
In base 6, what is -1150303 - 433?
-1151140
In base 3, what is 11220102021 - 12010?
11220020011
In base 14, what is 11395 + -12a8c?
-16d7
In base 11, what is 0 + -550757?
-550757
In base 14, what is -28 + -2c6a0?
-2c6c8
In base 7, what is -342044 + 111414?
-230330
In base 4, what is -13111230002 + -112?
-13111230120
In base 14, what is -24635 + 87?
-2458c
In base 16, what is -1f5004 + -7?
-1f500b
In base 7, what is 602131604 + 1?
602131605
In base 7, what is -10112 - -101550?
61435
In base 10, what is -359 - -7946?
7587
In base 9, what is 0 - -401016634?
401016634
In base 14, what is 56 - -61930?
61986
In base 7, what is -4 + 200155514?
200155510
In base 3, what is 0 + -1211212120012110?
-1211212120012110
In base 12, what is -3a + -2240733?
-2240771
In base 4, what is -11100103 - 3020013?
-20120122
In base 10, what is -676982 - -49?
-676933
In base 3, what is -12 - 2121212120220?
-2121212121002
In base 12, what is 5 - 38974a?
-389745
In base 15, what is -490480a - 7?
-4904812
In base 13, what is 7291 + 17a?
743b
In base 7, what is 630 + 542601?
543531
In base 4, what is 1020200300300 - -1?
1020200300301
In base 15, what is 5353b - -405?
53941
In base 15, what is -b47872 - -24?
-b4784d
In base 2, what is 1101011 - 101110011010000000011?
-101110011001110011000
In base 2, what is -1 + -1110101011100010001101?
-1110101011100010001110
In base 3, what is 11001011020 - -100201?
11001111221
In base 16, what is 2a28580 - 1c?
2a28564
In base 16, what is -2b8f68 - 3?
-2b8f6b
In base 4, what is 112203300 - 121321?
112021313
In base 9, what is -730138310 + 4?
-730138305
In base 10, what is 1421474 + -36?
1421438
In base 14, what is 3a41251 - -1?
3a41252
In base 4, what is 20133 + 202201100?
202221233
In base 3, what is -1202 + -20020111110?
-20020120012
In base 10, what is 2 - -7694474?
7694476
In base 5, what is 104 + -213203?
-213044
In base 3, what is 2 - 1020011012211011?
-1020011012211002
In base 14, what is -d1c78 - 9?
-d1c83
In base 9, what is -124480 - 42?
-124532
In base 13, what is -41 + -3aa77?
-3aab8
In base 12, what is 16 - 172bb?
-172a5
In base 9, what is 11 + -608534?
-608523
In base 7, what is -1131445436 - -4?
-1131445432
In base 5, what is -2 + 214100042?
214100040
In base 16, what is -1ea8126e - -1?
-1ea8126d
In base 2, what is -11111000100011111 + 1101111010?
-11110110110100101
In base 4, what is -101130 + 13331230?
13230100
In base 12, what is 40b138a + -2?
40b1388
In base 7, what 